(p).
-5
Let t(o) = -4*o - 30. Let k(l) = l + 10. Let v(p) = 7*k(p) + 2*t(p). Let x be 96/20 - 1/(-5). Determine v(x).
5
Let o = -7 - -3. Let j(i) = -i**2 + 5*i - 3. Let p(g) = 3*g**2 - 10*g + 6. Let d(m) = -5*j(m) - 2*p(m). What is d(o)?
7
Let l(q) = q**3 + 10*q**2 - 12*q - 11. Let n be l(-11). Let w(x) = -x**2 + x + 2. Let j be w(n). Let c(a) = 2*a**3 - 3*a**2 + a. Determine c(j).
6
Let r(o) be the third derivative of -o**5/60 - o**3/3 - o**2. Suppose -5*f = -4*f. What is r(f)?
-2
Let v(d) = -d - 5. Let n be 56/3 + (-8)/12. Suppose 5*s + 12 = -m, -2*s + n = -4*s + 4*m. Determine v(s).
-2
Suppose 36 = -3*d - d. Let b = -7 - d. Let s(g) = -3*g**3 - 4*g + 2*g**3 - 5 + 3*g**2 + 2*g**b. What is s(4)?
-5
Let w(m) be the first derivative of m**2/2 + 11*m - 13. Let d be (-2)/6 - (-14)/(-3). Give w(d).
6
Let q(x) = -x**3 + 3*x**2 - 2*x + 4. Let n(t) = t**3 - 3*t**2 + 2*t - 4. Let m(a) = 4*n(a) + 5*q(a). Determine m(3).
-2
Let b(z) = z + 1. Let v(k) = 4*k + 1. Let y(a) = -2*b(a) + v(a). Let d(n) = 3*n - 2. Let h(m) = 3*d(m) - 7*y(m). Calculate h(-1).
6
Suppose 3*r + 26 = 5*t - t, -3*t - 13 = r. Let f = r - -9. Let j(u) = -u**3 + 2*u + 1. Determine j(f).
0
Let a(u) = u**2 + 5*u + 2. Suppose -9 = -5*p + 1. Suppose -5*m = -5*s - m, 0 = -3*s - p*m + 22. Let o be (-1)/s - (-45)/(-12). What is a(o)?
-2
Let t(d) = d**3 + d**2 + 1. Let i(w) = -5*w**3 + w - 6. Let m(x) = i(x) + 4*t(x). Let n(a) = 2*a - 8. Let j be n(7). Let z be (8/5)/(j/15). Calculate m(z).
2
Let j(f) = -f**2 + 8*f + 5. Let o(x) = x + 5. Let p be o(-4). Let t(r) = -r. Let b(c) = p*j(c) + 4*t(c). What is b(5)?
0
Let p(c) = -c**3 - 2*c**2 - 2*c - 4. Let g(x) = -x**3 - x**2 - 3*x - 5. Let b(w) = -4*g(w) + 5*p(w). What is b(-6)?
-12
Let u(b) = b**3 - 5*b**2 + 3*b - 1. Suppose 8*d - 20 = 3*d. Let j be (d - 5)/(1/(-5)). Suppose -j*x = -3*k - 20, -3*x - 4*k = -0*k - 12. What is u(x)?
-5
Suppose -6*x + 9*x + 12 = 0. Let q(d) = -d**2 - 3*d + 4. Determine q(x).
0
Let x(w) = -w**2 - w. Let o(u) = -5*u**2 - 2*u - 3. Let h(z) = -o(z) + 6*x(z). Let l be h(-5). Let c(b) = 3*b**2 + b - 1. Calculate c(l).
9
Let t(k) = -k**3 + 6*k**2 + 2*k + 3. Let j = -12 - -18. Calculate t(j).
15
Let c(b) = -15 + 6*b + 8 - 5*b. Determine c(0).
-7
Suppose 10 = -3*t + 4*x - 0, 2*t - x + 5 = 0. Let v(n) = 4*n - 5. Let k(u) = u - 1. Let w(z) = -6*k(z) + v(z). Determine w(t).
5
Let v(o) = -o**2 + o. Let i(d) = -d**2 + 2*d. Let r(b) = -i(b) + 2*v(b). Let j = -8 + 6. Let a be (2 - (6 - 0))/j. Give r(a).
-4
Let q(y) = y**3 + y**2 - 2*y - 1. Let o(x) = x - 4. Let s be o(6). What is q(s)?
7
Let y(a) = -a**2 + a + 4. Let u(f) = -f**2 - 6*f - 1. Let d be u(-5). Determine y(d).
-8
Let q(y) be the first derivative of y**2/2 - y - 7. Calculate q(2).
1
Let s(p) = p**2 + 4*p - 4. Let h(z) = z**3 - 9*z**2 + 15*z + 15. Let j be h(6). Determine s(j).
-7
Suppose 3*l = -4*g + 4 + 4, 20 = 4*g. Let m(n) = 3*n + 5. Give m(l).
-7
Let s(t) = -t - 4. Let x(p) = p - 6. Let a be x(6). Suppose 4*h - h + 6 = a. Let n = -6 - h. Calculate s(n).
0
Let f(l) be the third derivative of l**4/24 + l**3/2 - 13*l**2. Calculate f(-8).
-5
Let u(i) = -i**2 - 5*i - 2. Let x(f) = 1 + 1 - 12 - 8*f - f**2. Let m(k) = k**3 + 4*k**2 - 5*k - 7. Let h be m(-5). Let w be x(h). Give u(w).
4
Let r(n) be the second derivative of -13*n**3/3 - n**2/2 - 8*n - 2. Determine r(1).
-27
Let n(c) be the third derivative of c**6/120 + c**5/15 + c**4/12 + 2*c**3/3 + 6*c**2. Calculate n(-4).
-4
Let f(n) be the third derivative of 0 + 1/3*n**4 - 1/60*n**5 + n**2 - 7/6*n**3 + 0*n. Calculate f(5).
8
Let f(p) = -p**2 - p + 3. Let j be 5*(1 + (-32)/20). What is f(j)?
-3
Let c(g) = 3*g + 8. Suppose 2*t = 6*t + 5*i - 13, -22 = -4*t - 2*i. Give c(t).
29
Let d(n) = 12*n + 1. Let o(u) = -u**2 + 14*u + 13. Let y be o(15). Calculate d(y).
-23
Let n(m) = -m**2 - m. Let h be n(0). Let x(q) = q**2 - q - 6. Give x(h).
-6
Let q(v) = -3*v**3 - 10*v**2 + 31. Let z(w) = w**3 + 3*w**2 - 10. Let l(x) = -2*q(x) - 7*z(x). Suppose -p = -4*p - 6. Let y be (p + 2)/(2 - 0). Calculate l(y).
8
Let u be (-4 - -2)*(-3)/2. Let l(r) be the third derivative of 1/8*r**4 - r**2 - 1/3*r**3 + 0*r + 0. Give l(u).
7
Let r(a) = a - 1. Let d be r(-6). Let v(k) = k**3 + 8*k**2 + 7*k + 3. Let f be v(d). Let y(c) = f*c - 1 - 4 + 6. Determine y(-2).
-5
Let w(f) = -2*f**3 - 2*f**2 - 2. Let x be (-1 + 2 - -1)*-1. Let i be w(x). Let k(j) = -i - 6 + 2*j + 5. Give k(5).
3
Let b(d) = -d**3 + 5*d**2 - 6*d + 5. Suppose 3*w - 1 = 2*x, -6*x - 3*w = -2*x - 25. Determine b(x).
-3
Let o = 8 + -13. Let r(m) = m**3 + 5*m**2 + 2*m + 5. Give r(o).
-5
Let l(d) be the third derivative of d**5/60 + 5*d**4/24 + d**3/3 + d**2. Give l(-5).
2
Let s(g) be the second derivative of -g**5/12 - g**4/12 + g**3/6 + 5*g**2/2 + 5*g. Let j(c) be the first derivative of s(c). Determine j(1).
-6
Let m(i) = -i**2 - i + 2. Let n be m(-3). Let y(a) = -a**2 - 4*a - 2. What is y(n)?
-2
Let f(y) be the third derivative of 1/120*y**6 + 1/30*y**5 - 2/3*y**3 + 0 - 1/8*y**4 + 0*y + 4*y**2. Give f(-3).
-4
Let z(d) be the third derivative of -d**6/120 + d**5/60 + 7*d**3/3 - 2*d**2 + 5. Determine z(0).
14
Let p(y) = -y**2 + 4*y. Let w be (2 - (0 - -1))*0. Suppose -3*c + 0 + 12 = w. Calculate p(c).
0
Let j(w) = 0*w**3 - 3 - 2*w**2 + 2*w**3 + 4. Let d = 12 + -13. Determine j(d).
-3
Let o(f) be the third derivative of f**5/30 + 7*f**2. Determine o(1).
2
Let g be (-1)/((-27)/(-15) - 2). Suppose -g*f + 0*f = -25. Let i(a) be the third derivative of -a**5/60 + a**4/6 - a**3/3 + a**2. Give i(f).
-7
Let y(l) = l**2 - 8*l + 1. Let o be y(7). Let g(b) = b**2 + 6*b - 3. Let d be g(o). Let n(q) = -3*q**2 - 4*q - 4 + q + 0 - q**3. Calculate n(d).
5
Let k = 4 + -10. Let m(f) = -f**2 - 5*f. Give m(k).
-6
Let t = -8 - -13. Let i = t - 7. Let n(f) be the second derivative of -f**4/6 - f**3/3 - 3*f**2/2 + 10*f. Determine n(i).
-7
Let o(z) be the first derivative of z**4/4 + 4*z**3 + 9*z**2/2 + 2. Let f(y) = 2*y**3 + 25*y**2 + 19*y + 1. Let c(s) = -6*f(s) + 13*o(s). What is c(-5)?
4
Suppose -5*j = -5*w + 1 - 6, -14 = -2*j - 4*w. Suppose 8*b - 5 = j*b. Let z(f) = -f + 4 + 1 + 2 + b. What is z(5)?
3
Let b(l) be the third derivative of l**4/24 + 7*l**3/6 + 15*l**2. What is b(-7)?
0
Let j be (24/20)/((-5)/(-25)). Let m(a) = -a + 8. Give m(j).
2
Let v(z) = 2*z**3 - 4*z**2 - 11*z + 4. Let y(l) = l**3 - 2*l**2 - 6*l + 2. Let d(s) = 3*v(s) - 5*y(s). Calculate d(3).
2
Let h(l) be the third derivative of 1/4*l**4 + 0*l + 1/6*l**3 + 3*l**2 + 0 + 1/60*l**5. Let w be h(-6). Let y(u) = -7*u - 1. Determine y(w).
-8
Let a(c) = c + 5. Suppose 0 = -2*i + 3*f - 14, -2*f + 1 = -2*i - 15. Let r be (-6)/i + (-18)/5. Calculate a(r).
2
Let t(y) = -y + 1. Let d be t(-4). Suppose -4*u + 2*c = -26, 0*c = 3*u + d*c. Let g(q) = -q + 6. Calculate g(u).
1
Let f be 20/6*(-33)/(-22). Let q(h) = -h**2 + 5*h + 3. What is q(f)?
3
Let c(q) = -7*q - 3*q - 2 + 11*q. Calculate c(3).
1
Let v(b) = 2*b**2 - 7*b + 1. Let g(o) = o**2 - 4*o + 1. Let u(q) = 5*g(q) - 2*v(q). What is u(4)?
-5
Let k(s) = -s**2 + 4*s - 1. Let q(i) = -i**3 - 7*i**2 - 6*i - 4. Let a be q(-6). Let j = a - -7. Give k(j).
2
Let j(q) = 2*q**2 - 2*q - 1. Let a(t) = 2*t**2 - 3*t. Let y(c) = -5*a(c) + 4*j(c). Give y(4).
-8
Let u(n) be the first derivative of -n**4/4 + n**3/3 + 6*n + 7. What is u(0)?
6
Let z(m) be the second derivative of m**3/6 + m**2 + 13*m. Let v = -17 - -11. Let l be 9/2 + 3/v. What is z(l)?
6
Let q(i) be the third derivative of i**6/120 - i**5/10 + i**4/6 - i**3/6 - i**2. Let m be 7 + 2*(2 - 3). Give q(m).
-6
Let h(y) be the second derivative of -3*y**5/10 + y**4/12 + y**3/3 + y**2/2 - y. Suppose 8*d - 9*d = 1. Give h(d).
6
Let o(f) be the third derivative of -f**5/60 - f**4/24 + 6*f**2. Determine o(-1).
0
Suppose 0 = m - 3*m + 58. Suppose -3*q = -4*l - 38, -4*q + l = -0*l - m. Suppose 2*f - 12 = q*f. Let x(s) = s**3 + 3*s**2 - 2*s - 3. Give x(f).
3
Let s(b) = b**2 + 8*b + 6. Let o(l) = -l - 1. Let m(j) = 5*o(j) + s(j). Suppose -v = -2*v + 18. Suppose 2*t - 4 = 4*k - v, -3*t = -5*k + 19. Give m(t).
1
Let k be (-4 - -4)/(1*-1). Let b be 4 + -5 + 1 + k. Let a(v) = b + 0*v + v - 2. What is a(0)?
-2
Let u(d) = 3*d**2 + 6*d - 9. Let b(v) = 2*v**2 + 6*v - 8. Suppose -9 = -2*g - 3. Let w(c) = g*u(c) - 4*b(c). Calculate w(5).
0
Let u(r) = -4*r - 2 + 6*r - 3*r + 0*